{"id":413,"date":"2025-12-11T14:15:18","date_gmt":"2025-12-11T19:15:18","guid":{"rendered":"https:\/\/promanelec.com\/?post_type=product&#038;p=413"},"modified":"2025-12-13T01:40:40","modified_gmt":"2025-12-13T06:40:40","slug":"gas-refrigerante-r404a-650-g","status":"publish","type":"product","link":"https:\/\/promanelec.com\/index.php\/producto\/gas-refrigerante-r404a-650-g\/","title":{"rendered":"Gas Refrigerante R404A \u2013 650 g"},"content":{"rendered":"<p><strong>Gas refrigerante R404A<\/strong> dise\u00f1ado para sistemas de refrigeraci\u00f3n comercial que requieren alto rendimiento t\u00e9rmico. Permite un enfriamiento eficiente y estable. <strong>Repuesto de l\u00ednea blanca<\/strong> recomendado para aplicaciones profesionales.<\/p>\n","protected":false},"excerpt":{"rendered":"<p>Presentaci\u00f3n de 650 g<\/p>\n<p>Refrigeraci\u00f3n comercial<\/p>\n","protected":false},"featured_media":414,"comment_status":"open","ping_status":"closed","template":"","meta":[],"product_brand":[],"product_cat":[29],"product_tag":[],"class_list":{"0":"post-413","1":"product","2":"type-product","3":"status-publish","4":"has-post-thumbnail","6":"product_cat-aires-acondicionados","8":"first","9":"instock","10":"taxable","11":"shipping-taxable","12":"purchasable","13":"product-type-simple"},"jetpack_sharing_enabled":true,"_links":{"self":[{"href":"https:\/\/promanelec.com\/index.php\/wp-json\/wp\/v2\/product\/413","targetHints":{"allow":["GET"]}}],"collection":[{"href":"https:\/\/promanelec.com\/index.php\/wp-json\/wp\/v2\/product"}],"about":[{"href":"https:\/\/promanelec.com\/index.php\/wp-json\/wp\/v2\/types\/product"}],"replies":[{"embeddable":true,"href":"https:\/\/promanelec.com\/index.php\/wp-json\/wp\/v2\/comments?post=413"}],"wp:featuredmedia":[{"embeddable":true,"href":"https:\/\/promanelec.com\/index.php\/wp-json\/wp\/v2\/media\/414"}],"wp:attachment":[{"href":"https:\/\/promanelec.com\/index.php\/wp-json\/wp\/v2\/media?parent=413"}],"wp:term":[{"taxonomy":"product_brand","embeddable":true,"href":"https:\/\/promanelec.com\/index.php\/wp-json\/wp\/v2\/product_brand?post=413"},{"taxonomy":"product_cat","embeddable":true,"href":"https:\/\/promanelec.com\/index.php\/wp-json\/wp\/v2\/product_cat?post=413"},{"taxonomy":"product_tag","embeddable":true,"href":"https:\/\/promanelec.com\/index.php\/wp-json\/wp\/v2\/product_tag?post=413"}],"curies":[{"name":"wp","href":"https:\/\/api.w.org\/{rel}","templated":true}]}}