{"id":411,"date":"2025-12-11T14:30:35","date_gmt":"2025-12-11T19:30:35","guid":{"rendered":"https:\/\/promanelec.com\/?post_type=product&#038;p=411"},"modified":"2025-12-13T01:42:46","modified_gmt":"2025-12-13T06:42:46","slug":"motor-ventilador-16w-sargent","status":"publish","type":"product","link":"https:\/\/promanelec.com\/index.php\/producto\/motor-ventilador-16w-sargent\/","title":{"rendered":"Motor Ventilador \u2013 16W Sargent"},"content":{"rendered":"<p><strong>Motor ventilador de 16W<\/strong> marca Sargent, dise\u00f1ado para refrigeradoras y congeladores. Su potencia y resistencia garantizan una ventilaci\u00f3n adecuada y estable. <strong>Repuesto de l\u00ednea blanca<\/strong> ideal para mantener el correcto funcionamiento del sistema de fr\u00edo.<\/p>\n","protected":false},"excerpt":{"rendered":"<p>Eje redondo | Compacto<\/p>\n<p>Congeladores y refrigeradores<\/p>\n","protected":false},"featured_media":412,"comment_status":"open","ping_status":"closed","template":"","meta":[],"product_brand":[],"product_cat":[28],"product_tag":[],"class_list":{"0":"post-411","1":"product","2":"type-product","3":"status-publish","4":"has-post-thumbnail","6":"product_cat-congeladores","8":"first","9":"instock","10":"taxable","11":"shipping-taxable","12":"purchasable","13":"product-type-simple"},"jetpack_sharing_enabled":true,"_links":{"self":[{"href":"https:\/\/promanelec.com\/index.php\/wp-json\/wp\/v2\/product\/411","targetHints":{"allow":["GET"]}}],"collection":[{"href":"https:\/\/promanelec.com\/index.php\/wp-json\/wp\/v2\/product"}],"about":[{"href":"https:\/\/promanelec.com\/index.php\/wp-json\/wp\/v2\/types\/product"}],"replies":[{"embeddable":true,"href":"https:\/\/promanelec.com\/index.php\/wp-json\/wp\/v2\/comments?post=411"}],"wp:featuredmedia":[{"embeddable":true,"href":"https:\/\/promanelec.com\/index.php\/wp-json\/wp\/v2\/media\/412"}],"wp:attachment":[{"href":"https:\/\/promanelec.com\/index.php\/wp-json\/wp\/v2\/media?parent=411"}],"wp:term":[{"taxonomy":"product_brand","embeddable":true,"href":"https:\/\/promanelec.com\/index.php\/wp-json\/wp\/v2\/product_brand?post=411"},{"taxonomy":"product_cat","embeddable":true,"href":"https:\/\/promanelec.com\/index.php\/wp-json\/wp\/v2\/product_cat?post=411"},{"taxonomy":"product_tag","embeddable":true,"href":"https:\/\/promanelec.com\/index.php\/wp-json\/wp\/v2\/product_tag?post=411"}],"curies":[{"name":"wp","href":"https:\/\/api.w.org\/{rel}","templated":true}]}}